te the greatest common factor of 9570 and 91410.
330
Calculate the greatest common divisor of 9776 and 4784.
208
Calculate the greatest common divisor of 44425 and 25.
25
Calculate the highest common factor of 936 and 361752.
24
What is the highest common factor of 333547 and 843?
281
Calculate the highest common factor of 128605 and 46240.
1445
Calculate the highest common factor of 288 and 71964.
36
What is the highest common divisor of 89 and 1965209?
89
Calculate the greatest common divisor of 1695 and 5355.
15
Calculate the greatest common divisor of 1136 and 33796.
284
Calculate the greatest common factor of 164247 and 212.
53
What is the highest common factor of 41287 and 265?
53
Calculate the greatest common divisor of 214 and 2306385.
107
Calculate the greatest common factor of 90459 and 171.
171
Calculate the highest common divisor of 16 and 1211872.
16
Calculate the greatest common divisor of 55221 and 5592.
699
Calculate the highest common factor of 2774 and 4234.
146
Calculate the highest common factor of 47880 and 12915.
315
Calculate the greatest common divisor of 387005 and 464.
29
Calculate the highest common divisor of 594 and 23868.
54
What is the highest common divisor of 1105 and 8177?
221
Calculate the highest common divisor of 21106 and 70028.
122
What is the greatest common divisor of 4406 and 746?
2
What is the highest common factor of 45 and 10305?
45
Calculate the greatest common divisor of 14 and 851494.
14
What is the greatest common divisor of 35 and 3633?
7
Calculate the highest common factor of 4900 and 8869.
49
What is the highest common factor of 1678618 and 268?
134
Calculate the highest common factor of 32 and 49016.
8
Calculate the highest common factor of 4096 and 48512.
128
Calculate the highest common divisor of 6725 and 164897.
269
Calculate the highest common divisor of 11455 and 9512.
29
Calculate the highest common factor of 17487 and 92133.
261
What is the highest common divisor of 792 and 11034?
18
What is the greatest common divisor of 131027 and 13?
13
What is the greatest common factor of 42 and 195846?
42
Calculate the greatest common divisor of 646 and 323.
323
Calculate the highest common factor of 1987352 and 656.
328
What is the greatest common divisor of 103 and 464221?
103
Calculate the greatest common factor of 98 and 6237.
7
What is the highest common factor of 286 and 2200?
22
What is the greatest common factor of 602 and 139363?
301
What is the highest common factor of 176337 and 168?
21
Calculate the greatest common factor of 414400 and 1344.
448
What is the highest common factor of 2209 and 47?
47
Calculate the greatest common factor of 170 and 140.
10
What is the highest common factor of 8917 and 6025?
241
Calculate the greatest common divisor of 694 and 35047.
347
Calculate the highest common factor of 15558 and 9.
3
Calculate the highest common divisor of 54 and 345690.
18
What is the greatest common divisor of 1024 and 1184?
32
Calculate the highest common factor of 305 and 48983.
61
What is the greatest common factor of 8210 and 370?
10
What is the greatest common factor of 4524 and 957?
87
Calculate the greatest common divisor of 134325 and 6766.
199
Calculate the highest common factor of 455440 and 30.
10
Calculate the greatest common factor of 660 and 125895.
165
Calculate the greatest common divisor of 1210 and 2816.
22
Calculate the greatest common factor of 8943 and 429.
33
Calculate the highest common divisor of 28 and 175819.
7
What is the greatest common divisor of 68394 and 12?
6
Calculate the greatest common factor of 400558 and 4064.
254
Calculate the greatest common factor of 261 and 9541.
29
What is the greatest common divisor of 36 and 5574?
6
Calculate the greatest common divisor of 117 and 32247.
9
Calculate the greatest common factor of 2139 and 22599.
93
Calculate the greatest common divisor of 9924 and 564.
12
What is the greatest common factor of 191884 and 1764?
196
What is the greatest common factor of 97600 and 128?
64
What is the highest common divisor of 19560 and 6600?
120
Calculate the highest common factor of 5210 and 3643874.
1042
Calculate the highest common factor of 27148932 and 54.
54
What is the highest common factor of 120 and 2176600?
40
What is the greatest common factor of 542 and 12057874?
542
What is the greatest common divisor of 4117 and 23?
23
What is the highest common factor of 216264 and 240?
24
What is the greatest common divisor of 12879 and 90639?
243
Calculate the greatest common factor of 15 and 27805.
5
What is the greatest common factor of 2 and 73534?
2
Calculate the highest common factor of 31 and 198.
1
What is the highest common factor of 64158 and 518?
74
What is the greatest common factor of 4473 and 714?
21
What is the highest common factor of 962 and 2418?
26
Calculate the greatest common divisor of 418401 and 3.
3
Calculate the greatest common factor of 3 and 752589.
3
What is the greatest common factor of 38306 and 358?
358
What is the highest common divisor of 7575 and 1717?
101
What is the highest common factor of 12096 and 5103?
189
What is the highest common factor of 124 and 1610078?
62
What is the highest common factor of 1717374 and 113?
113
Calculate the greatest common factor of 89582 and 141.
47
Calculate the highest common divisor of 16 and 757728.
16
What is the greatest common divisor of 1616 and 2828?
404
Calculate the greatest common divisor of 4333 and 9285.
619
What is the greatest common factor of 148041 and 486?
27
What is the greatest common divisor of 343 and 77861?
343
Calculate the greatest common divisor of 114335 and 26.
13
What is the highest common divisor of 27 and 74376?
9
Calculate the highest common divisor of 3198518 and 186.
62
Calculate the highest common factor of 24 and 236226.
6
Calculate the greatest common divisor of 36345 and 2085.
15
Calculate the highest common factor of 265951 and 14.
7
What is the greatest common divisor of 9 and 20940?
3
What is the highest common divisor of 62 and 785633?
31
Calculate the highest common factor of 34 and 2417026.
34
Calculate the greatest common divisor of 10008 and 264.
24
What is the greatest common factor of 135 and 31060?
5
Calculate the highest common divisor of 287739 and 243.
27
What is the highest common divisor of 192650 and 150?
50
Calculate the highest common divisor of 131805 and 2088.
261
What is the greatest common factor of 9 and 1535?
1
Calculate the greatest common factor of 49134 and 399.
57
What is the highest common factor of 14 and 116151?
7
Calculate the highest common divisor of 1422 and 52772.
158
What is the highest common factor of 13024 and 2479?
37
Calculate the greatest common factor of 164 and 69900.
4
What is the greatest common divisor of 4333630 and 140?
70
Calculate the highest common factor of 108 and 8820.
36
What is the greatest common factor of 11 and 73?
1
What is the greatest common factor of 321 and 27?
3
Calculate the highest common factor of 1544 and 6.
2
Calculate the highest common divisor of 28 and 15470.
14
What is the greatest common factor of 405 and 149?
1
What is the greatest common divisor of 3124 and 174092?
284
What is the highest common divisor of 8957 and 77233?
169
Calculate the highest common divisor of 714903 and 168.
21
Calculate the highest common divisor of 480 and 672.
96
What is the greatest common factor of 112173 and 4031?
139
Calculate the greatest common factor of 100 and 68450.
50
What is the highest common factor of 1690 and 1773655?
845
What is the highest common factor of 18864 and 593037?
1179
What is the highest common divisor of 4140 and 8640?
180
Calculate the highest common factor of 1206 and 253863.
603
What is the highest common divisor of 360036 and 274?
274
Calculate the highest common factor of 320 and 92360.
40
What is the greatest common factor of 42384 and 208?
16
What is the highest common factor of 1435 and 92414?
287
Calculate the highest common factor of 889 and 339217.
127
Calculate the highest common factor of 322 and 1016922.
46
Calculate the highest common divisor of 31 and 572012.
31
Calculate the greatest common factor of 24890 and 5510.
190
Calculate the greatest common factor of 13766236 and 46.
46
What is the highest common divisor of 2